et t(c) be the third derivative of -5*c**4/24 - 5*c**3/2 + 913*c**2. Calculate t(-2).
-5
Suppose -a - 3 = 2, 45 = 5*t - 5*a. Suppose -n + t*n + 15 = 0, 2*d - n - 11 = 0. Let s(c) = 4 + c**3 - 2*c**3 + 0*c**2 + 2*c**2 + 3*c. Determine s(d).
4
Let h = 923 + -924. Let t be (-17)/((-51)/27)*h. Let p(s) = 2 + 8 + 2*s + 1. Give p(t).
-7
Let c(m) = 5*m**2 - m + 10. Let p(y) = -6*y**2 - y - 12. Let g(w) = -5*c(w) - 4*p(w). Suppose 0 = s, 2*k - 2*s - 24 + 8 = 0. What is g(k)?
6
Let j(p) = -p**3 + 8*p**2 + 19*p + 13. Suppose r - 17 = -n, -57*n = -2*r - 55*n + 6. Give j(r).
3
Let b = -51 + 51. Suppose 5*j = 3*z + 4 - 28, -4*z + j + 32 = b. Let r(c) = c**3 - 8*c**2 + c - 11. Give r(z).
-3
Let h(l) be the third derivative of -l**6/15 + l**4/24 - l**3/6 + 16*l**2. Suppose -6*b + 10*b + 17 = z, -3*b - 16 = -4*z. Calculate h(z).
-8
Let d(c) = -3*c**3 + 10*c**2 - 12*c - 4. Let f(b) = -2*b**3 + 3*b**2 + b - 2. Let k(q) = -d(q) + f(q). What is k(4)?
6
Suppose 0 = -5*m + 4*l - 1541, -m + 5*m + 4*l = -1240. Let s = -310 - m. Let v(a) = 0*a + a + a + 10*a**2 + 1. What is v(s)?
9
Let o(w) = -w**3 + 14*w**2 - 24*w - 15. Let x = 17312 + -17301. What is o(x)?
84
Suppose 0 = 5*d - 5*o - 5, 4*d - o = -5 + 9. Let a(y) = -d - 71*y - 71*y + 139*y - 2. Calculate a(7).
-24
Let y(j) = 3*j - 10. Suppose 4*m = 52 - 36. Let o be y(m). Let f(l) = 0*l - 10*l**2 - 2*l - o + 16*l**2 + 0*l. Calculate f(2).
18
Let t(c) be the third derivative of -c**5/3 - c**3/6 + 2365*c**2. What is t(-2)?
-81
Let g = -217 + 235. Let u be g/63 - (-130)/(-14). Let c(k) = k**2 + 9*k + 4. What is c(u)?
4
Let s(q) = -3*q + 6. Let o = -768 + 764. Let k(f) = f**3 + 5*f**2 + 5*f + 1. Let l be k(o). Give s(l).
15
Let x = -240 - -239. Let y be 21*(40/(-15) - 3*x). Let b(c) = -c + 14. Calculate b(y).
7
Let n = -7898 - -7922. Let d(z) be the first derivative of -2*z**2 - 1/4*z**4 - n - 5/3*z**3 - z. What is d(-5)?
19
Let t(s) = -2*s - 4. Let r(a) = 6*a**2 - a. Let z be r(1). Suppose -7*u + 22 = -z*u. Suppose -5*y = -2*f - u, 5*f - 4*y - 1 = -20. Give t(f).
2
Let x(d) = -11*d + 173. Let j = 10567 + -10549. What is x(j)?
-25
Let u = 379 - 386. Let a(b) = -14*b - 49. Let r(z) = 5*z + 16. Let p(x) = -4*a(x) - 11*r(x). Give p(u).
13
Let a(q) be the first derivative of -9 - 1/2*q**2 - 5*q. Let r(w) = -5*w**3. Let h be r(-1). Calculate a(h).
-10
Let f(r) = -2*r - 5. Let a be f(-5). Let k be (-11)/(3 + 35/(-10)). Let o(v) = k*v - v**2 + 20*v + 22*v - 2 - 60*v. Calculate o(a).
-7
Let t = 29 + -25. Suppose -v - 6*d = -10*d - 10, t*v + 4*d = 0. Let o(y) = -2*y**2 + 3418*y**3 - 3419*y**3 - 6*y**v - 1. Calculate o(-8).
-1
Let h(y) = -40*y + 279. Let c = -11655 + 11662. What is h(c)?
-1
Suppose -4*d = 3*f - 51 - 19, -4*d + 54 = -5*f. Let w(h) = -8*h - 3*h + d*h + 5 - 4*h. Let o be w(0). Let y(q) = -q**3 + 5*q**2 + q - 2. Give y(o).
3
Let g(c) = -449059*c + 224533*c - 15 + 224530*c. Calculate g(23).
77
Let j(q) be the first derivative of q**3/3 - 7*q**2/2 + 7*q + 82. Let y be j(3). Let s(w) = -w**2 - 8*w - 4. Calculate s(y).
11
Let l be (-6)/(-2)*14/42. Let c(b) = b + 3*b + l + 0*b + 2. Let z(t) = t + 1. Let m(f) = 2*c(f) - 4*z(f). Determine m(6).
26
Let r(w) be the first derivative of w**5/20 + w**4/4 + w**3/6 - w**2/2 + 15*w + 67. Let p(a) be the first derivative of r(a). Calculate p(-3).
-4
Let q(t) = 2*t - 33. Let w(c) = 2*c - 33. Let h(r) = 3*q(r) - 4*w(r). Let u be (-380)/(-19) + 15 + -18. Calculate h(u).
-1
Suppose -154*y = -155*y - 10. Let s(r) = -r - 6. Calculate s(y).
4
Let t(o) = -15*o + 289. Let w be t(19). Let z(f) = 3 - 19 + w + 6 - 6*f + 2. Calculate z(-4).
20
Let s(w) = -2*w**2 + 4*w + 10. Suppose t - 3 = 2*z, 2*t - 4 = -5*z - 7. What is s(z)?
4
Let z be 5 - (4 + -5) - 7. Let q be (-5 - -2)*z - (-4)/(-2). Let k(c) = -6*c**3 + c**2 - 1. Determine k(q).
-6
Let g(d) = d**2 + 8*d + 4. Let o(h) = 2*h**3 - 8*h**2 + h - 8. Let w = 452 + -448. Let v be o(w). Determine g(v).
-12
Let h be 2/12 - 19/114. Let s(l) be the second derivative of 1/12*l**4 - 7/2*l**2 + l + h - 3/2*l**3. What is s(9)?
-7
Let x(w) = w + 11. Suppose 18*q + 30*q + 20*q = 68. What is x(q)?
12
Let q(u) = -u**2 + 3*u. Let x(t) be the second derivative of -t**4/4 + 2*t**3/3 - 2*t**2 - t + 47. Let l(f) = 2*q(f) - x(f). Calculate l(-2).
4
Let x be 2/(-3) + 76/(-12). Let f(t) be the third derivative of -t**6/360 - t**5/120 - t**4/3 + 43*t**2. Let k(d) be the second derivative of f(d). Give k(x).
13
Let i(c) be the first derivative of c**3/3 + 23*c**2/2 - 19*c + 4002. What is i(-24)?
5
Let o(z) = -z**3 + 5*z**2 - 10*z + 7. Let s = 2981 - 2977. Determine o(s).
-17
Let i(k) = 14 + 0*k + 37*k**2 + 4*k - 107*k**2 - 20 + k. Calculate i(1).
-71
Let u(a) = 11*a - 20. Let s = 53 - 49. Let n be u(s). Suppose 8*q + n = 2*q. Let t(f) = 2*f + 4. What is t(q)?
-4
Let n(c) = c**2 + 5*c + 15. Suppose -138*a = -153*a - 105. Give n(a).
29
Suppose 8*g - 4*g - 8 = 0. Suppose 3*l = -4*b - 31 + 30, -23 = -3*l + g*b. Let j(s) = 2*s**2 - 7*s - 1. Calculate j(l).
14
Let f = 33 + -42. Let s(r) = -5*r**2 + 4. Let p(k) = -11*k**2 + k + 9. Let j(h) = f*s(h) + 4*p(h). Suppose -3*z + w - 11 = 0, -z + 3*z = 2*w - 2. Give j(z).
5
Let q = 40 - 29. Suppose 2*b = -4*r - 24, -3*r - q = b - 2*r. Let o(n) be the second derivative of -n**4/12 - 2*n**3 - 7*n**2 + 15*n + 1. Give o(b).
6
Let n(m) = -4*m**3 - 2*m**2 + 11*m + 11. Let v be n(-1). Let f(z) = z**3 + z**2 - 5*z - 1. Calculate f(v).
1
Let v(j) = -53*j - 10. Let f(g) = -135*g - 24. Let u(y) = 7*f(y) - 18*v(y). Give u(-5).
-33
Suppose 0 = 3*n + 2*a - 17, 3*n - 6*a - 1 = -4*a. Let p(c) = -54*c + 169. Let w be p(n). Let y(d) = -d**2 + 3*d + 3. Calculate y(w).
-25
Let d = 55 - 49. Suppose -5*l + 55 = d*l. Suppose 8*q = l + 51. Let o(n) = -n**3 + 6*n**2 + 8*n - 7. Determine o(q).
0
Let z be (-5 - -4) + -2 + (-1 - -1332). Let g(t) = 0*t**2 + z*t**3 - 1329*t**3 + 2*t - 5 - 9*t**2. What is g(-9)?
-23
Let l(k) = -k**2 + 6*k + 1. Suppose 2*g + 2*g + c = -12, -g = -c + 8. Let j be -4*(4 - 3)*g. Let v be 75/20 - (-4)/j. Give l(v).
9
Let h(l) be the second derivative of 30*l - 2 + 1/6*l**3 - 1/2*l**2. Calculate h(5).
4
Let a(o) be the third derivative of -18*o + 1/120*o**6 + 2*o**2 - 1/6*o**3 + 0 - 1/30*o**5 + 1/12*o**4. Give a(1).
0
Let l be (-66)/4*(-8 + (-44)/(-6)). Let b(c) = -1 + 0 + 23*c + 8*c**3 - 11*c - c**2 - l*c. Calculate b(1).
7
Suppose j = -3*j + 32. Suppose -7*f + j*f = -1. Let w(v) = -549 + 549 + 7*v. Give w(f).
-7
Let u(j) = -3*j**2 + 0 - j + 5 - 7*j + j + j**3. Let a = -124 + 128. Give u(a).
-7
Let t(s) = 23586*s**3 - 5 - 11*s**2 - 10 + 11*s - 23585*s**3. Determine t(10).
-5
Suppose -85*j - 1957 + 2127 = 0. Let d(k) = -4*k**3 + 3*k**2 - k. What is d(j)?
-22
Suppose 0 = 4*v + 21*x - 16*x - 14, -5*v + 1 = -2*x. Let p(k) = 12*k. Calculate p(v).
12
Suppose 0 = -3*a, -4*a + 46 = 2*z - 5*a. Let d(u) = -27 + z - u**2 - 11*u + 7*u. Suppose 235*g = 234*g - 4. Give d(g).
-4
Suppose -57 + 101 = -4*o. Let h(j) = -j + 22. Calculate h(o).
33
Let x(z) = -19*z + 142. Suppose 0 = 5*f - 5*u - 80, 690*u - 689*u = -8. What is x(f)?
-10
Let q(h) be the second derivative of -h**4/12 + 2*h**3 + 3*h**2/2 + 321*h. What is q(15)?
-42
Let h(l) = l**3 + 6*l**2 + 6*l - 10. Let q be h(-6). Let b = -45 - q. Let x be b/(1/((-6)/(-9)) - 2). Let f(j) = 2*j**2 - 3*j - 2. What is f(x)?
12
Suppose 411*o = 415*o. Suppose 2*h - m + 5 = o, -5*m = -2*h - 16 - 1. Let n(z) = -4*z**2 + z + 1. Determine n(h).
-4
Let h(c) be the first derivative of c**2/2 + 6*c - 9. Let o be 2/(-9) - (-602)/(-126). Give h(o).
1
Let j(y) = y**2 - 6*y - 3. Let t be j(6). Let a(l) = -1 + 12221*l - 6110*l + l**2 + 2 - 1 - 6110*l - 3. Determine a(t).
3
Let b(z) = -z**3 + 5*z**2 + z - 3. Suppose -6 = 16*u - 19*u - 4*w, -3*w + 4 = 2*u. Suppose -u*t + 14 = 4*r, -3*t = -2*r - 5 - 8. Determine b(t).
2
Let d = -128 + 385/3. Let p(t) be the first derivative of -d*t**3 + 9/2*t**2 - 2*t - 20. Give p(6).
16
Let r(u) = 3*u + 4. Let n = 2769 - 2768. Give r(n).
7
Let x(b) be the second derivative of -b**4/12 + 5*b**3/3 - 11*b**2/2 + 4098*b. Determine x(11).
-22
Suppose 3*v - 6 = -0. Let g(o) = -o**3 - o - 3 - o**3 - 1 - 3*o**v. Let j(y) = -630*y - 5673. Let d be j(-9). What is g(d)?
26
Suppose 400678 = 3*g + 400642. Let b(k) = k - 1. Let u(p) = -2*p + 19. Let w(q) = b(q) + u(q). What is w(g)?
6
Let v(l) = 7*l*